?
False
Is 167116811 composite?
False
Is 154252886881 a prime number?
False
Is 67129793557 a prime number?
True
Is 814150187 a composite number?
False
Is 4244291169 prime?
False
Is 17880870211 composite?
False
Is 35861813833 a prime number?
False
Is 957998567 a composite number?
False
Is 290809606 a prime number?
False
Is 5201866447 composite?
False
Is 62312760313 a composite number?
True
Is 10754491199 a composite number?
False
Is 41566208583 composite?
True
Is 87397478423 a prime number?
False
Is 175568708845 a composite number?
True
Is 4886454611 composite?
True
Is 3683034359 a composite number?
False
Is 24182305351 composite?
False
Is 9799589387 a prime number?
False
Is 48095101817 a composite number?
True
Is 1969755679 a composite number?
False
Is 2228688587 composite?
True
Is 1498957763 a composite number?
True
Is 56169433465 a composite number?
True
Is 444747841 composite?
True
Is 4804993153 a prime number?
True
Is 161150513 composite?
False
Is 53371480789 composite?
True
Is 1398487567 prime?
True
Is 2844933421 composite?
True
Is 13732644713 a prime number?
True
Is 31390620463 a prime number?
True
Is 2053494841 a prime number?
False
Is 1295263493 prime?
True
Is 784018399 a composite number?
False
Is 26554723327 a prime number?
False
Is 17276802227 composite?
False
Is 3282392051 a composite number?
False
Is 18037519781 a composite number?
False
Is 52790603 a composite number?
False
Is 14521348489 a composite number?
False
Is 2349463759 a composite number?
True
Is 30502880161 prime?
False
Is 1213406759 prime?
True
Is 155705188103 prime?
True
Is 18242825563 a prime number?
False
Is 32778531521 composite?
True
Is 18461032727 a prime number?
True
Is 206939851 a composite number?
False
Is 435512678 prime?
False
Is 7532933774 a composite number?
True
Is 42124001702 a prime number?
False
Is 13394546939 a prime number?
True
Is 18543063499 composite?
False
Is 11915772837 a prime number?
False
Is 660709823 a prime number?
True
Is 53361533 composite?
True
Is 79333589711 a prime number?
False
Is 313302793 prime?
True
Is 573751741 prime?
False
Is 12417505523 a composite number?
False
Is 16190333569 prime?
False
Is 710338219 prime?
True
Is 44563439 prime?
True
Is 5738088599 a prime number?
False
Is 823774547 a composite number?
False
Is 4519552951 composite?
False
Is 15546413461 a prime number?
True
Is 7488819593 a composite number?
False
Is 1163884607 a composite number?
False
Is 25107679397 a prime number?
True
Is 2174460427 a composite number?
False
Is 25151545813 composite?
False
Is 225228793 a prime number?
False
Is 8605374907 a composite number?
True
Is 70110311027 composite?
True
Is 1021280749 a composite number?
True
Is 5662855403 prime?
True
Is 22840860799 a prime number?
False
Is 47891065063 composite?
True
Is 1015824793 composite?
False
Is 740060771 composite?
False
Is 17278911389 a prime number?
True
Is 94467960661 composite?
False
Is 40772592143 prime?
True
Is 22383923 prime?
False
Is 47330819051 a composite number?
False
Is 173921173 a composite number?
True
Is 10289744849 a composite number?
False
Is 2121384791 composite?
False
Is 593589533 composite?
False
Is 63482689463 a prime number?
False
Is 15123538763 a prime number?
True
Is 5516470609 a composite number?
True
Is 7993047603 prime?
False
Is 788836079 a prime number?
False
Is 79090473893 composite?
False
Is 2262647029 a prime number?
True
Is 29601981977 a prime number?
True
Is 546168811 a composite number?
True
Is 78157289681 a composite number?
True
Is 234174671 composite?
False
Is 3008084293 a composite number?
False
Is 750563029 composite?
True
Is 2564308573 composite?
True
Is 1503877841 a prime number?
True
Is 492899413 a prime number?
True
Is 31159327379 prime?
True
Is 475692559 a prime number?
False
Is 232624451 a composite number?
False
Is 11640084077 a composite number?
False
Is 689855941 composite?
True
Is 3773229773 composite?
True
Is 1221343489 composite?
True
Is 8654834371 prime?
True
Is 1048666579 a composite number?
False
Is 421611917 a composite number?
True
Is 2824102871 composite?
False
Is 3301004167 a composite number?
False
Is 362102339 composite?
False
Is 76512983 prime?
False
Is 60898872887 prime?
True
Is 298045973 a composite number?
False
Is 16265270579 prime?
False
Is 735652649 a prime number?
True
Is 905302897 composite?
True
Is 4317727 a composite number?
False
Is 34611585131 prime?
False
Is 1982867093 composite?
True
Is 14904913709 prime?
False
Is 113527012621 a prime number?
False
Is 1960680253 prime?
False
Is 5954689747 a prime number?
True
Is 231980251 a composite number?
True
Is 1157510782 composite?
True
Is 30559271 a prime number?
True
Is 30256631087 a composite number?
False
Is 540653053 a prime number?
False
Is 2780284681 composite?
True
Is 210335027 prime?
False
Is 21121759427 a composite number?
False
Is 86553395497 a composite number?
False
Is 53851172501 a prime number?
False
Is 196779059 prime?
True
Is 14370352949 a composite number?
False
Is 2736764097 a prime number?
False
Is 1712259607 composite?
True
Is 794833085 a composite number?
True
Is 68340884263 prime?
False
Is 582887705 a composite number?
True
Is 131203829 prime?
True
Is 1786872583 prime?
True
Is 50770241 a prime number?
True
Is 4484217761 prime?
True
Is 1101025059 a prime number?
False
Is 10188337403 a prime number?
True
Is 104340363 a prime number?
False
Is 3216180971 a prime number?
True
Is 207647359 prime?
False
Is 207093891949 a composite number?
True
Is 979794209 prime?
False
Is 13616865701 a composite number?
False
Is 1465343881 composite?
False
Is 74104124449 composite?
True
Is 2502727631 a prime number?
False
Is 1526865779 a composite number?
True
Is 94565924491 a prime number?
True
Is 793343515 a composite number?
True
Is 191147947 composite?
True
Is 7122026033 a prime number?
False
Is 1954720451 prime?
True
Is 1304434787 prime?
True
Is 203875229 a prime number?
True
Is 48438407 a prime number?
True
Is 105302339737 composite?
True
Is 280269562 a composite number?
True
Is 262894267 composite?
False
Is 614539619 a composite number?
False
Is 10604806183 prime?
False
Is 13702627369 a composite number?
False
Is 1991881343 a composite number?
False
Is 85023337 a prime number?
False
Is 89979098711 composite?
False
Is 6003546257 a prime number?
True
Is 80983411 composite?
False
Is 776310719 prime?
True
Is 2220649441 a prime number?
False
Is 409361930201 prime?
False
Is 161985179 a composite number?
True
Is 10999462279 composite?
True
Is 16760985107 a prime number?
True
Is 166414969 composite?
True
Is 230830973 composite?
False
Is 3789862537 prime?
True
Is 3433765081 prime?
False
Is 456556957 prime?
True
Is 478756729 a composite number?
True
Is 31500439037 a prime number?
True
Is 19014941279 composite?
False
Is 7964223401 a prime number?
False
Is 1349082547 a prime number?
True
Is 476045027 a composite number?
False
Is 1015358543 a composite number?
True
Is 35147123743 prime?
False
Is 5141680562 composite?
True
Is 856041101 prime?
False
Is 393306841 composite?
False
Is 325679503 a composite number?
True
Is 127159091 a prime number?
True
Is 7355296261 composite?
False
Is 345724061 composite?
False
Is 119558977 composite?
True
Is 8706521377 a prime number?
False
Is 34743975815 a prime number?
False
Is 342632869 a prime number?
True
Is 80684665199 a composite number?
True
Is 906585259 composite?
False
Is 4674128677 a prime number?
True
Is 297069289 composite?
True
Is 2061236533 a composite number?
True
Is 156147931513 composite?
True
Is 1444534969 a composite number?
True
Is 862602511 a prime number?
False
Is 334912879573 prime?
True
Is 5028578263 a composite number?
False
Is 104435025367 a composite number?
False
Is 419916611 a composite number?
False
Is 2528419681 composite?
False
Is 329242591 prime?
False
Is 371734303 a prime number?
False
Is 183775637 composite?
True
Is 1300952167 a composite number?
False
Is 2279448181 prime?
True
Is 181982939 a prime number?
False
Is 126430153 a composite number?
False
Is 403872745 prime?
False
Is 502406407 a composite number?
True
Is 137953259 a prime number?
False
Is 879011521 prime?
False
Is 8240478287 composite?
False
Is 1558234097 prime?
False
Is 73992010699 a composite number?
False
Is 475008559 a prime number?
True
Is 5508561259 p